f 9447413?
139, 67967
What are the prime factors of 41919?
3, 89, 157
What are the prime factors of 18175144?
2, 13, 174761
What are the prime factors of 1743240?
2, 3, 5, 73, 199
What are the prime factors of 1541515?
5, 308303
List the prime factors of 3181274.
2, 109, 14593
What are the prime factors of 323952?
2, 3, 17, 397
What are the prime factors of 2857630?
2, 5, 285763
What are the prime factors of 13653366?
2, 3, 2275561
List the prime factors of 8285992.
2, 11, 13, 7243
What are the prime factors of 2146106?
2, 1073053
List the prime factors of 6860556.
2, 3, 149, 1279
List the prime factors of 13699087.
13699087
What are the prime factors of 3863016?
2, 3, 53653
What are the prime factors of 4716521?
4716521
List the prime factors of 126459.
3, 14051
List the prime factors of 1041951.
3, 347317
List the prime factors of 63793.
63793
What are the prime factors of 180743?
61, 2963
List the prime factors of 1080556.
2, 151, 1789
List the prime factors of 10572283.
17, 487, 1277
What are the prime factors of 368942?
2, 7, 19, 73
List the prime factors of 3303133.
71, 46523
List the prime factors of 454915.
5, 37, 2459
What are the prime factors of 219172?
2, 157, 349
What are the prime factors of 22854412?
2, 7, 127, 6427
What are the prime factors of 267838?
2, 133919
List the prime factors of 7304299.
263, 27773
List the prime factors of 56136.
2, 3, 2339
What are the prime factors of 6414492?
2, 3, 7, 10909
List the prime factors of 3716440.
2, 5, 7, 13, 1021
What are the prime factors of 495728?
2, 30983
List the prime factors of 412131.
3, 17, 8081
What are the prime factors of 235768?
2, 13, 2267
List the prime factors of 17270149.
13, 1328473
What are the prime factors of 308501?
308501
List the prime factors of 457405.
5, 13, 31, 227
What are the prime factors of 22221581?
307, 72383
What are the prime factors of 2140873?
7, 305839
What are the prime factors of 4860502?
2, 2430251
What are the prime factors of 398803?
17, 23459
What are the prime factors of 3863185?
5, 877, 881
List the prime factors of 2055431.
7, 293633
List the prime factors of 498509.
11, 45319
List the prime factors of 154470.
2, 3, 5, 19, 271
What are the prime factors of 4741055?
5, 11, 86201
What are the prime factors of 10789545?
3, 5, 13, 55331
What are the prime factors of 10785277?
10785277
What are the prime factors of 855059?
855059
What are the prime factors of 47626?
2, 23813
List the prime factors of 1817793.
3, 17, 109
What are the prime factors of 110318?
2, 13, 4243
List the prime factors of 982665.
3, 5, 29, 251
List the prime factors of 6643625.
5, 53149
What are the prime factors of 849742?
2, 37, 11483
List the prime factors of 22285667.
2293, 9719
What are the prime factors of 1008051?
3, 11, 2777
List the prime factors of 757136.
2, 79, 599
List the prime factors of 3689723.
3689723
List the prime factors of 23409950.
2, 5, 468199
List the prime factors of 3999106.
2, 83, 24091
List the prime factors of 40489.
19, 2131
What are the prime factors of 881998?
2, 13, 33923
List the prime factors of 1914187.
11, 174017
List the prime factors of 11764327.
43, 137, 1997
What are the prime factors of 3435386?
2, 239, 7187
What are the prime factors of 26292116?
2, 907, 7247
What are the prime factors of 198589?
198589
List the prime factors of 6756178.
2, 11, 13, 23623
List the prime factors of 709832.
2, 88729
What are the prime factors of 1531075?
5, 7, 13, 673
List the prime factors of 851432.
2, 71, 1499
What are the prime factors of 2934712?
2, 11, 33349
List the prime factors of 5110542.
2, 3, 97, 2927
What are the prime factors of 157350?
2, 3, 5, 1049
What are the prime factors of 8041?
11, 17, 43
What are the prime factors of 142961?
7, 13, 1571
What are the prime factors of 77353?
103, 751
List the prime factors of 246635.
5, 107, 461
What are the prime factors of 474870?
2, 3, 5, 11, 1439
What are the prime factors of 11079357?
3, 47, 78577
What are the prime factors of 2348434?
2, 11, 106747
What are the prime factors of 2929964?
2, 732491
List the prime factors of 35567118.
2, 3, 137, 14423
What are the prime factors of 56816?
2, 53, 67
List the prime factors of 16171505.
5, 7, 17, 27179
What are the prime factors of 3650753?
37, 98669
List the prime factors of 14977791.
3, 61637
List the prime factors of 3340042.
2, 73, 22877
What are the prime factors of 1489202?
2, 11, 13, 41, 127
List the prime factors of 494489.
577, 857
List the prime factors of 9471197.
29, 326593
List the prime factors of 5432.
2, 7, 97
What are the prime factors of 1406056?
2, 175757
What are the prime factors of 6824038?
2, 13, 17, 15439
What are the prime factors of 175923?
3, 11, 1777
List the prime factors of 448717.
29, 15473
List the prime factors of 126787.
19, 6673
List the prime factors of 39765.
3, 5, 11, 241
List the prime factors of 5972162.
2, 7, 426583
What are the prime factors of 1798286?
2, 7, 128449
List the prime factors of 86767.
86767
What are the prime factors of 612027?
3, 13, 5231
What are the prime factors of 818061?
3, 29, 9403
List the prime factors of 2073241.
2073241
List the prime factors of 12805875.
3, 5, 11383
List the prime factors of 10666.
2, 5333
List the prime factors of 6263.
6263
What are the prime factors of 7137588?
2, 3, 383, 1553
List the prime factors of 4269499.
13, 17, 19319
What are the prime factors of 1538925?
3, 5, 17, 71
What are the prime factors of 18770804?
2, 13, 360977
What are the prime factors of 166699?
13, 12823
List the prime factors of 4170508.
2, 17, 61331
What are the prime factors of 395718?
2, 3, 101, 653
List the prime factors of 198845.
5, 39769
What are the prime factors of 422493?
3, 140831
List the prime factors of 4501272.
2, 3, 37, 137
List the prime factors of 17572562.
2, 7, 1255183
What are the prime factors of 1227677?
11, 233, 479
What are the prime factors of 162472?
2, 23, 883
List the prime factors of 175350.
2, 3, 5, 7, 167
What are the prime factors of 324449?
324449
What are the prime factors of 686437?
686437
List the prime factors of 6361842.
2, 3, 17, 97, 643
What are the prime factors of 557147?
191, 2917
What are the prime factors of 496503?
3, 7, 37, 71
List the prime factors of 655913.
655913
List the prime factors of 513020.
2, 5, 113, 227
List the prime factors of 16842084.
2, 3, 7, 28643
What are the prime factors of 178130?
2, 5, 47, 379
List the prime factors of 2205455.
5, 7, 61, 1033
What are the prime factors of 891065?
5, 7, 3637
What are the prime factors of 13272963?
3, 11, 19, 21169
List the prime factors of 2029573.
7, 13, 22303
What are the prime factors of 157604?
2, 31, 41
What are the prime factors of 4738318?
2, 13, 182243
What are the prime factors of 1124182?
2, 562091
List the prime factors of 1038911.
83, 12517
What are the prime factors of 678396?
2, 3, 56533
What are the prime factors of 32546?
2, 16273
What are the prime factors of 1974291?
3, 11, 29, 2063
What are the prime factors of 2081616?
2, 3, 17, 2551
List the prime factors of 3152000.
2, 5, 197
What are the prime factors of 5063179?
11, 460289
What are the prime factors of 303826?
2, 73, 2081
What are the prime factors of 710904?
2, 3, 19, 1559
What are the prime factors of 1365937?
131, 10427
What are the prime factors of 2575969?
11, 61, 349
List the prime factors of 1911563.
79, 24197
List the prime factors of 28586.
2, 14293
List the prime factors of 9738776.
2, 47, 59, 439
List the prime factors of 4185025.
5, 13, 79, 163
List the prime factors of 6144337.
73, 1153
What are the prime factors of 556270?
2, 5, 11, 13, 389
What are the prime factors of 7653104?
2, 47, 10177
List the prime factors of 5394583.
5394583
List the prime factors of 16993185.
3, 5, 11, 181, 569
What are the prime factors of 235627?
7, 41, 821
What are the prime factors of 270844?
2, 7, 17, 569
List the prime factors of 2970353.
47, 63199
List the prime factors of 970674.
2, 3, 161779
What are the prime factors of 289209?
3, 149, 647
List the prime factors of 9600414.
2, 3, 1600069
List the prime factors of 1030359.
3, 11, 31223
What are the prime factors of 148602?
2, 3, 24767
List the prime factors of 9615928.
2, 7, 171713
List the prime factors of 1549223.
13, 89, 103
List the prime factors of 29